{"id":90,"date":"2020-01-30T13:53:43","date_gmt":"2020-01-30T13:53:43","guid":{"rendered":"http:\/\/localhost\/telecenterab\/?page_id=90"},"modified":"2025-08-29T11:40:54","modified_gmt":"2025-08-29T10:40:54","slug":"kamerasystem","status":"publish","type":"page","link":"https:\/\/www.telecenterab.se\/?page_id=90","title":{"rendered":"Kamerasystem"},"content":{"rendered":"\n<figure class=\"wp-block-pullquote has-text-align-center\"><blockquote><p> &#8221; Video\u00f6vervakning  inneb\u00e4r \u00e4ven \u00f6kad s\u00e4kerhet och trygghet &#8221;<\/p><\/blockquote><\/figure>\n\n\n\n<div class=\"wp-block-columns is-layout-flex wp-container-core-columns-is-layout-9d6595d7 wp-block-columns-is-layout-flex\">\n<div class=\"wp-block-column is-layout-flow wp-block-column-is-layout-flow\" style=\"flex-basis:60%\">\n<p>Avancerade och enkla l\u00f6sningar f\u00f6r industrins alla behov \u2013 vi har l\u00f6sningen!<\/p>\n\n\n\n<p>Vi hj\u00e4lper m\u00e5nga f\u00f6retag med olika typer av kameral\u00f6sningar men vet du om att du kan sl\u00e4ppa in just de fordon som du sj\u00e4lv vill?<br>Kameran k\u00e4nner igen registreringsnumret och \u00f6ppnar grinden \u00e5t dig.<br>Intresserad? Boka en tid hos oss s\u00e5 visar vi hur det funkar.<\/p>\n\n\n\n<p>Video\u00f6vervakning inneb\u00e4r \u00e4ven \u00f6kad s\u00e4kerhet och trygghet. Den \u00e4r i dag lika aktuell f\u00f6r industrin f\u00f6r att \u00f6vervaka en h\u00e4ndelse, ett omr\u00e5de eller en process.&nbsp;Video\u00f6vervakning ger full visuell kontroll \u00f6ver verksamheten dygnet runt utan att n\u00e5gon person beh\u00f6ver befinna sig p\u00e5 plats.<\/p>\n\n\n\n<p>Utomhus, inomhus, f\u00e4rg eller dag\/natt, vandals\u00e4kert eller inte, oavsett kundens behov s\u00e5 kan Telecenter leverera r\u00e4tt kamera. De senaste \u00e5rens tekniska utveckling har lett till \u00f6kad kapacitet f\u00f6r minneslagring. Och det betyder att video\u00f6vervakning \u00e4r betydligt kostnadseffektivare \u00e4n tidigare.<\/p>\n<\/div>\n\n\n\n<div class=\"wp-block-column is-layout-flow wp-block-column-is-layout-flow\" style=\"flex-basis:40%\"><div class=\"wp-block-image is-style-default\">\n<figure class=\"alignleft size-large is-resized\"><img loading=\"lazy\" decoding=\"async\" width=\"763\" height=\"1024\" src=\"http:\/\/www.telecenterab.se\/wp-content\/uploads\/2022\/02\/Screenshot_20220224-074353_Instagram-763x1024.jpg\" alt=\"\" class=\"wp-image-662\" style=\"width:382px;height:512px\" srcset=\"https:\/\/www.telecenterab.se\/wp-content\/uploads\/2022\/02\/Screenshot_20220224-074353_Instagram-763x1024.jpg 763w, https:\/\/www.telecenterab.se\/wp-content\/uploads\/2022\/02\/Screenshot_20220224-074353_Instagram-224x300.jpg 224w, https:\/\/www.telecenterab.se\/wp-content\/uploads\/2022\/02\/Screenshot_20220224-074353_Instagram-768x1031.jpg 768w, https:\/\/www.telecenterab.se\/wp-content\/uploads\/2022\/02\/Screenshot_20220224-074353_Instagram.jpg 1000w\" sizes=\"auto, (max-width: 763px) 100vw, 763px\" \/><\/figure>\n<\/div><\/div>\n<\/div>\n\n\n\n<div class=\"wp-block-columns is-layout-flex wp-container-core-columns-is-layout-9d6595d7 wp-block-columns-is-layout-flex\">\n<div class=\"wp-block-column is-layout-flow wp-block-column-is-layout-flow\">\n<div class=\"wp-block-columns is-not-stacked-on-mobile is-layout-flex wp-container-core-columns-is-layout-9d6595d7 wp-block-columns-is-layout-flex\">\n<div class=\"wp-block-column is-layout-flow wp-block-column-is-layout-flow\">\n<figure class=\"wp-block-image size-large\"><img loading=\"lazy\" decoding=\"async\" width=\"682\" height=\"1024\" src=\"http:\/\/www.telecenterab.se\/wp-content\/uploads\/2025\/08\/Gustav-Nilsson-682x1024.png\" alt=\"\" class=\"wp-image-1186\" srcset=\"https:\/\/www.telecenterab.se\/wp-content\/uploads\/2025\/08\/Gustav-Nilsson-682x1024.png 682w, https:\/\/www.telecenterab.se\/wp-content\/uploads\/2025\/08\/Gustav-Nilsson-200x300.png 200w, https:\/\/www.telecenterab.se\/wp-content\/uploads\/2025\/08\/Gustav-Nilsson-768x1152.png 768w, https:\/\/www.telecenterab.se\/wp-content\/uploads\/2025\/08\/Gustav-Nilsson-1024x1536.png 1024w, https:\/\/www.telecenterab.se\/wp-content\/uploads\/2025\/08\/Gustav-Nilsson.png 1181w\" sizes=\"auto, (max-width: 682px) 100vw, 682px\" \/><\/figure>\n<\/div>\n\n\n\n<div class=\"wp-block-column is-vertically-aligned-center is-layout-flow wp-block-column-is-layout-flow\">\n<h4 class=\"wp-block-heading\">Vill du ut\u00f6ka din s\u00e4kerhet?<\/h4>\n\n\n\n<p>Kontakta Gustav Nilsson<br>0491 &#8211; 78 43 21<br><a href=\"mailto:gustav@telecenterab.se\" target=\"_blank\" rel=\"noreferrer noopener\">gustav@telecenterab.se<\/a><\/p>\n<\/div>\n<\/div>\n<\/div>\n\n\n\n<div class=\"wp-block-column is-vertically-aligned-center is-layout-flow wp-block-column-is-layout-flow\">\n<div class=\"wp-block-columns is-not-stacked-on-mobile is-layout-flex wp-container-core-columns-is-layout-9d6595d7 wp-block-columns-is-layout-flex\">\n<div class=\"wp-block-column is-layout-flow wp-block-column-is-layout-flow\">\n<figure class=\"wp-block-image size-full\"><img loading=\"lazy\" decoding=\"async\" width=\"756\" height=\"520\" src=\"http:\/\/www.telecenterab.se\/wp-content\/uploads\/2025\/08\/Cert-Anlaggarfirma-Kamera-2.jpg\" alt=\"\" class=\"wp-image-1211\" srcset=\"https:\/\/www.telecenterab.se\/wp-content\/uploads\/2025\/08\/Cert-Anlaggarfirma-Kamera-2.jpg 756w, https:\/\/www.telecenterab.se\/wp-content\/uploads\/2025\/08\/Cert-Anlaggarfirma-Kamera-2-300x206.jpg 300w\" sizes=\"auto, (max-width: 756px) 100vw, 756px\" \/><\/figure>\n<\/div>\n\n\n\n<div class=\"wp-block-column is-layout-flow wp-block-column-is-layout-flow\">\n<figure class=\"wp-block-image size-full\"><img loading=\"lazy\" decoding=\"async\" width=\"756\" height=\"520\" src=\"http:\/\/www.telecenterab.se\/wp-content\/uploads\/2025\/08\/Behorig-ingejor-kamera-1.jpg\" alt=\"\" class=\"wp-image-1212\" srcset=\"https:\/\/www.telecenterab.se\/wp-content\/uploads\/2025\/08\/Behorig-ingejor-kamera-1.jpg 756w, https:\/\/www.telecenterab.se\/wp-content\/uploads\/2025\/08\/Behorig-ingejor-kamera-1-300x206.jpg 300w\" sizes=\"auto, (max-width: 756px) 100vw, 756px\" \/><\/figure>\n<\/div>\n<\/div>\n<\/div>\n<\/div>\n","protected":false},"excerpt":{"rendered":"<p>&#8221; Video\u00f6vervakning inneb\u00e4r \u00e4ven \u00f6kad s\u00e4kerhet och trygghet &#8221; Avancerade och enkla l\u00f6sningar f\u00f6r industrins alla behov \u2013 vi har l\u00f6sningen! Vi hj\u00e4lper m\u00e5nga f\u00f6retag med olika typer av kameral\u00f6sningar men vet du om att du kan sl\u00e4ppa in just de fordon som du sj\u00e4lv vill?Kameran k\u00e4nner igen registreringsnumret och \u00f6ppnar grinden \u00e5t dig.Intresserad? Boka <a href=\"https:\/\/www.telecenterab.se\/?page_id=90\" class=\"read-more below\">READ MORE<\/a><\/p>\n","protected":false},"author":2,"featured_media":0,"parent":83,"menu_order":0,"comment_status":"closed","ping_status":"closed","template":"","meta":{"_monsterinsights_skip_tracking":false,"_monsterinsights_sitenote_active":false,"_monsterinsights_sitenote_note":"","_monsterinsights_sitenote_category":0,"footnotes":""},"class_list":["post-90","page","type-page","status-publish","hentry"],"_links":{"self":[{"href":"https:\/\/www.telecenterab.se\/index.php?rest_route=\/wp\/v2\/pages\/90","targetHints":{"allow":["GET"]}}],"collection":[{"href":"https:\/\/www.telecenterab.se\/index.php?rest_route=\/wp\/v2\/pages"}],"about":[{"href":"https:\/\/www.telecenterab.se\/index.php?rest_route=\/wp\/v2\/types\/page"}],"author":[{"embeddable":true,"href":"https:\/\/www.telecenterab.se\/index.php?rest_route=\/wp\/v2\/users\/2"}],"replies":[{"embeddable":true,"href":"https:\/\/www.telecenterab.se\/index.php?rest_route=%2Fwp%2Fv2%2Fcomments&post=90"}],"version-history":[{"count":21,"href":"https:\/\/www.telecenterab.se\/index.php?rest_route=\/wp\/v2\/pages\/90\/revisions"}],"predecessor-version":[{"id":1337,"href":"https:\/\/www.telecenterab.se\/index.php?rest_route=\/wp\/v2\/pages\/90\/revisions\/1337"}],"up":[{"embeddable":true,"href":"https:\/\/www.telecenterab.se\/index.php?rest_route=\/wp\/v2\/pages\/83"}],"wp:attachment":[{"href":"https:\/\/www.telecenterab.se\/index.php?rest_route=%2Fwp%2Fv2%2Fmedia&parent=90"}],"curies":[{"name":"wp","href":"https:\/\/api.w.org\/{rel}","templated":true}]}}