{"id":526,"date":"2021-10-22T13:56:08","date_gmt":"2021-10-22T12:56:08","guid":{"rendered":"http:\/\/www.telecenterab.se\/?page_id=526"},"modified":"2024-10-01T07:27:31","modified_gmt":"2024-10-01T06:27:31","slug":"ny-medarbetare","status":"publish","type":"page","link":"https:\/\/www.telecenterab.se\/?page_id=526","title":{"rendered":"S\u00f6k jobb hos oss!"},"content":{"rendered":"\n<p><strong>Driftig Brandlarmstekniker<\/strong><\/p>\n\n\n\n<p>\u00c4r du en driven och engagerad brandlarmstekniker som s\u00f6ker nya utmaningar? <br>Vill du vara en del av ett framg\u00e5ngsrikt team som v\u00e4rderar kvalitet och s\u00e4kerhet? <br>D\u00e5 \u00e4r det kanske just dig vi s\u00f6ker!<\/p>\n\n\n\n<p><strong>Om oss:<\/strong> Vi \u00e4r en certifierad anl\u00e4ggarfirma som specialiserar sig p\u00e5 installation och underh\u00e5ll av brandlarmssystem. <br>Vi arbetar mot b\u00e5de f\u00f6retag och myndigheter och str\u00e4var alltid efter att leverera h\u00f6gsta kvalitet och service.<\/p>\n\n\n\n<p><strong>Vi s\u00f6ker:<\/strong> En driftig brandlarmstekniker som:<\/p>\n\n\n\n<div class=\"wp-block-group is-vertical is-layout-flex wp-container-core-group-is-layout-8cf370e7 wp-block-group-is-layout-flex\">\n<ul class=\"wp-block-list\">\n<li>Har erfarenhet inom brandlarmsteknik.<\/li>\n\n\n\n<li>Kan arbeta b\u00e5de sj\u00e4lvst\u00e4ndigt och i team.<\/li>\n\n\n\n<li>\u00c4r ansvarstagande och noggrann i sitt arbete.<\/li>\n\n\n\n<li>Har k\u00f6rkort, d\u00e5 resor kan f\u00f6rekomma i tj\u00e4nsten.<\/li>\n<\/ul>\n\n\n\n<p><strong>Dina arbetsuppgifter:<\/strong><\/p>\n\n\n\n<ul class=\"wp-block-list\">\n<li>Installation och underh\u00e5ll av brandlarmssystem.<\/li>\n\n\n\n<li>Utf\u00f6ra service och reparationer.<\/li>\n\n\n\n<li>Delta i projektering och planering av installationer.<\/li>\n\n\n\n<li>Arbeta tillsammans med andra tekniker och kunder f\u00f6r att s\u00e4kerst\u00e4lla h\u00f6gsta kvalitet.<\/li>\n<\/ul>\n\n\n\n<p><strong>Vi erbjuder:<\/strong><\/p>\n\n\n\n<ul class=\"wp-block-list\">\n<li>En stimulerande arbetsmilj\u00f6 med m\u00f6jligheter till utveckling inom flera inriktningar.<\/li>\n\n\n\n<li>Ett team av kompetenta och engagerade kollegor.<\/li>\n<\/ul>\n\n\n\n<p><\/p>\n\n\n\n<p>Vi ser fram emot att h\u00f6ra fr\u00e5n dig och att kanske f\u00e5 dig som en del av v\u00e5rt team!<\/p>\n<\/div>\n\n\n\n<p><strong>Telecenter  \u2013 Tillsammans skapar vi trygghet!<\/strong><\/p>\n\n\n\n<div class=\"wp-block-media-text alignwide is-stacked-on-mobile\" style=\"grid-template-columns:17% auto\"><figure class=\"wp-block-media-text__media\"><img loading=\"lazy\" decoding=\"async\" width=\"116\" height=\"174\" src=\"http:\/\/www.telecenterab.se\/wp-content\/uploads\/2022\/02\/Johan-Petersson_small-1.jpg\" alt=\"\" class=\"wp-image-639 size-full\"\/><\/figure><div class=\"wp-block-media-text__content\">\n<blockquote class=\"wp-block-quote is-style-plain is-layout-flow wp-block-quote-is-layout-flow\">\n<p><strong>\u00c4r du intresserad?<\/strong> <br>Skicka din ans\u00f6kan och CV till<\/p>\n<cite><strong>Johan Petersson<br>0491 &#8211; 78 43 15<\/strong><br><a href=\"mailto:johan@telecenterab.se\" target=\"_blank\" rel=\"noreferrer noopener\">johan@telecenterab.se<\/a><\/cite><\/blockquote>\n<\/div><\/div>\n\n\n\n<p><\/p>\n","protected":false},"excerpt":{"rendered":"<p>Driftig Brandlarmstekniker \u00c4r du en driven och engagerad brandlarmstekniker som s\u00f6ker nya utmaningar? Vill du vara en del av ett framg\u00e5ngsrikt team som v\u00e4rderar kvalitet och s\u00e4kerhet? D\u00e5 \u00e4r det kanske just dig vi s\u00f6ker! Om oss: Vi \u00e4r en certifierad anl\u00e4ggarfirma som specialiserar sig p\u00e5 installation och underh\u00e5ll av brandlarmssystem. Vi arbetar mot b\u00e5de <a href=\"https:\/\/www.telecenterab.se\/?page_id=526\" class=\"read-more below\">READ MORE<\/a><\/p>\n","protected":false},"author":3,"featured_media":0,"parent":0,"menu_order":0,"comment_status":"closed","ping_status":"closed","template":"","meta":{"_monsterinsights_skip_tracking":false,"_monsterinsights_sitenote_active":false,"_monsterinsights_sitenote_note":"","_monsterinsights_sitenote_category":0,"footnotes":""},"class_list":["post-526","page","type-page","status-publish","hentry"],"_links":{"self":[{"href":"https:\/\/www.telecenterab.se\/index.php?rest_route=\/wp\/v2\/pages\/526","targetHints":{"allow":["GET"]}}],"collection":[{"href":"https:\/\/www.telecenterab.se\/index.php?rest_route=\/wp\/v2\/pages"}],"about":[{"href":"https:\/\/www.telecenterab.se\/index.php?rest_route=\/wp\/v2\/types\/page"}],"author":[{"embeddable":true,"href":"https:\/\/www.telecenterab.se\/index.php?rest_route=\/wp\/v2\/users\/3"}],"replies":[{"embeddable":true,"href":"https:\/\/www.telecenterab.se\/index.php?rest_route=%2Fwp%2Fv2%2Fcomments&post=526"}],"version-history":[{"count":27,"href":"https:\/\/www.telecenterab.se\/index.php?rest_route=\/wp\/v2\/pages\/526\/revisions"}],"predecessor-version":[{"id":1057,"href":"https:\/\/www.telecenterab.se\/index.php?rest_route=\/wp\/v2\/pages\/526\/revisions\/1057"}],"wp:attachment":[{"href":"https:\/\/www.telecenterab.se\/index.php?rest_route=%2Fwp%2Fv2%2Fmedia&parent=526"}],"curies":[{"name":"wp","href":"https:\/\/api.w.org\/{rel}","templated":true}]}}