{"id":509,"date":"2021-07-09T10:51:06","date_gmt":"2021-07-09T09:51:06","guid":{"rendered":"http:\/\/www.telecenterab.se\/?page_id=509"},"modified":"2025-08-29T06:55:09","modified_gmt":"2025-08-29T05:55:09","slug":"verksamhetspolicy","status":"publish","type":"page","link":"https:\/\/www.telecenterab.se\/?page_id=509","title":{"rendered":"Verksamhetspolicy"},"content":{"rendered":"<p>Telecenter i Oskarshamn AB \u00e4r, med \u00f6ver 25 \u00e5rs erfarenhet, en drivande leverant\u00f6r inom s\u00e4kerhet och kommunikation med h\u00f6g kvalitet, god service, ett aff\u00e4rsm\u00e4ssigt och positivt bem\u00f6tande samt en f\u00f6rm\u00e5ga att utveckla flexibla l\u00f6sningar i samarbete med v\u00e5ra kunder.<\/p>\n<p>Vi erbjuder helhetsl\u00f6sningar inom brandlarm, inbrottslarm, kamera\u00f6vervakning samt fiber\/n\u00e4tverk. Vi \u00e4r dedikerade att hj\u00e4lpa till med utformning, projekteringar, teknisk r\u00e5dgivning samt leverans av h\u00f6gkvalitativa system.<\/p>\n<p>F\u00f6r hela Telecenter har vi ett integrerat verksamhetssystem som s\u00e4kerst\u00e4ller att vi arbetar enligt g\u00e4llande lagstiftning, standarder och egna m\u00e5ls\u00e4ttningar.<\/p>\n<p>V\u00e5rt fokus riktas mot v\u00e5ra kunder, v\u00e5ra medarbetare och v\u00e5r omgivning genom v\u00e5ra kvalitets, milj\u00f6 och arbetsmilj\u00f6policys som \u00f6vergripande inneb\u00e4r att vi ska:<br \/>\u2022 vara lyh\u00f6rda f\u00f6r kunders \u00f6nskem\u00e5l och krav i syfte att produkter och tj\u00e4nster ska motsvara eller \u00f6vertr\u00e4ffa v\u00e5ra kunders f\u00f6rv\u00e4ntan<br \/>\u2022 alltid och i alla l\u00e4gen f\u00f6lja lagar och andra krav som \u00e4r relaterade till v\u00e5r verksamhet<br \/>\u2022 vara lyh\u00f6rda f\u00f6r f\u00f6r\u00e4ndringar och reaktioner i v\u00e5r omv\u00e4rld och st\u00e4ndigt vara redo att f\u00f6rb\u00e4ttra v\u00e5rt arbetss\u00e4tt.<br \/>\u2022 alltid leverera h\u00f6gkvalitativa produkter och tj\u00e4nster<br \/>\u2022 St\u00e4ndigt str\u00e4va efter att f\u00f6rb\u00e4ttra och effektivisera v\u00e5r verksamhet efter v\u00e5ra milj\u00f6m\u00e5l.<br \/>\u2022 f\u00f6rebygga och successivt minska den milj\u00f6p\u00e5verkan som v\u00e5r verksamhet ger upphov till, framf\u00f6r allt anv\u00e4ndningen av r\u00e5varor och energi samt utsl\u00e4ppen till luft orsakade av produktion och transporter.<br \/>\u2022 informerar och engagerar v\u00e5ra medarbetare i v\u00e5rt milj\u00f6arbete och v\u00e5ra milj\u00f6m\u00e5l<br \/>\u2022 bedriva kompetensutveckling f\u00f6r alla medarbetare i syfte att skapa grunden f\u00f6r \u00f6kad kvalitet i v\u00e5r verksamhet, mindre s\u00e5rbarhet mot st\u00f6rningar och mer kvalificerade, varierade och stimulerande arbetsuppgifter<br \/>\u2022 l\u00f6pande och aktivt informera, utbilda och engagera v\u00e5r personal och v\u00e5ra kunder<br \/>\u2022 bedriva ett aktivt systematiskt arbetsmilj\u00f6arbete f\u00f6r att skapa en fysiskt, psykiskt, socialt sund och utvecklande arbetsplats f\u00f6r alla medarbetare, d\u00e4r risker f\u00f6r arbetsskador och arbetsrelaterad oh\u00e4lsa f\u00f6rebyggs och f\u00f6ljs upp<\/p>\n<p>Genom att p\u00e5verka s\u00e5v\u00e4l leverant\u00f6rer som kunder att ta samma ansvar och visa samma \u00f6ppenhet som vi sj\u00e4lva, s\u00e5 \u00e4r det v\u00e5rt m\u00e5l att g\u00f6ra skillnad f\u00f6r kunder, medarbetare och milj\u00f6n.<\/p>\n<p>F\u00f6rutom dessa \u00f6vergripande policys s\u00e5 m\u00f6ter vi marknadens h\u00f6ga krav genom de specifika<br \/>certifieringar enligt nedan:<\/p>\n<p>\u2022 ISO 9001:2015 certifiering<br \/>\u2022 ISO 14001:2015 certifiering<br \/>\u2022 Certifierad anl\u00e4ggarfirma inbrottslarm: SSF 1015<br \/>\u2022 Certifierad beh\u00f6rig ingenj\u00f6r inbrottslarm<br \/>\u2022 Certifierad anl\u00e4ggarfirma brandlarm: SBF 1008:3<br \/>\u2022 Certifierad beh\u00f6rig ingenj\u00f6r brandlarm<br \/>\u2022 Certifierad anl\u00e4ggarfirma kamerabevakningssystem SSF 1061<br \/>\u2022 Certifierad beh\u00f6rig ingenj\u00f6r kamerabevakningssystem<br \/>\u2022 Robust fiber f\u00f6retagscertifikat anl\u00e4ggning<br \/><br \/><\/p>\n\n\n<div class=\"wp-block-columns is-not-stacked-on-mobile is-layout-flex wp-container-core-columns-is-layout-66d11289 wp-block-columns-is-layout-flex\" style=\"padding-top:var(--wp--preset--spacing--20);padding-bottom:var(--wp--preset--spacing--20)\">\n<div class=\"wp-block-column is-layout-flow wp-block-column-is-layout-flow\" style=\"flex-basis:25%\">\n<figure class=\"wp-block-image size-full is-style-default\"><a href=\"https:\/\/www.sbsc.se\/systemcertifikat\/20-461\/ledningssystem-for-kvalitet\/telecenter-i-oskarshamn-ab\/\" target=\"_blank\" rel=\" noreferrer noopener\"><img loading=\"lazy\" decoding=\"async\" width=\"756\" height=\"520\" src=\"https:\/\/www.telecenterab.se\/wp-content\/uploads\/2025\/08\/Cert-9001.jpg\" alt=\"\" class=\"wp-image-1198\" srcset=\"https:\/\/www.telecenterab.se\/wp-content\/uploads\/2025\/08\/Cert-9001.jpg 756w, https:\/\/www.telecenterab.se\/wp-content\/uploads\/2025\/08\/Cert-9001-300x206.jpg 300w\" sizes=\"auto, (max-width: 756px) 100vw, 756px\" \/><\/a><\/figure>\n<\/div>\n\n\n\n<div class=\"wp-block-column is-layout-flow wp-block-column-is-layout-flow\" style=\"flex-basis:25%\">\n<figure class=\"wp-block-image size-full\"><a href=\"https:\/\/www.sbsc.se\/systemcertifikat\/20-462\/miljoledningssystem\/telecenter-i-oskarshamn-ab\/\" target=\"_blank\" rel=\" noreferrer noopener\"><img loading=\"lazy\" decoding=\"async\" width=\"756\" height=\"520\" src=\"https:\/\/www.telecenterab.se\/wp-content\/uploads\/2025\/08\/Cert-14001.jpg\" alt=\"\" class=\"wp-image-1200\" srcset=\"https:\/\/www.telecenterab.se\/wp-content\/uploads\/2025\/08\/Cert-14001.jpg 756w, https:\/\/www.telecenterab.se\/wp-content\/uploads\/2025\/08\/Cert-14001-300x206.jpg 300w\" sizes=\"auto, (max-width: 756px) 100vw, 756px\" \/><\/a><\/figure>\n<\/div>\n\n\n\n<div class=\"wp-block-column is-layout-flow wp-block-column-is-layout-flow\" style=\"flex-basis:25%\">\n<figure class=\"wp-block-image size-full\"><a href=\"https:\/\/www.sbsc.se\/foretagcertifikat\/20-123\/anlaggarfirma-inbrottslarm\/telecenter-i-oskarshamn-ab\/\" target=\"_blank\" rel=\" noreferrer noopener\"><img loading=\"lazy\" decoding=\"async\" width=\"756\" height=\"520\" src=\"https:\/\/www.telecenterab.se\/wp-content\/uploads\/2025\/08\/Cert-Anlaggarfirma-Inbrott.jpg\" alt=\"\" class=\"wp-image-1202\" srcset=\"https:\/\/www.telecenterab.se\/wp-content\/uploads\/2025\/08\/Cert-Anlaggarfirma-Inbrott.jpg 756w, https:\/\/www.telecenterab.se\/wp-content\/uploads\/2025\/08\/Cert-Anlaggarfirma-Inbrott-300x206.jpg 300w\" sizes=\"auto, (max-width: 756px) 100vw, 756px\" \/><\/a><\/figure>\n<\/div>\n\n\n\n<div class=\"wp-block-column is-layout-flow wp-block-column-is-layout-flow\" style=\"flex-basis:25%\">\n<figure class=\"wp-block-image size-full\"><a href=\"https:\/\/www.sbsc.se\/personcertifikat\/20-125\/behorig-ingenjor-inbrottslarm\/robin-nilsson\/\" target=\"_blank\" rel=\" noreferrer noopener\"><img loading=\"lazy\" decoding=\"async\" width=\"756\" height=\"520\" src=\"https:\/\/www.telecenterab.se\/wp-content\/uploads\/2025\/08\/Behorig-ingejor-inbrott.jpg\" alt=\"\" class=\"wp-image-1203\" srcset=\"https:\/\/www.telecenterab.se\/wp-content\/uploads\/2025\/08\/Behorig-ingejor-inbrott.jpg 756w, https:\/\/www.telecenterab.se\/wp-content\/uploads\/2025\/08\/Behorig-ingejor-inbrott-300x206.jpg 300w\" sizes=\"auto, (max-width: 756px) 100vw, 756px\" \/><\/a><\/figure>\n<\/div>\n<\/div>\n\n\n\n<div class=\"wp-block-columns is-not-stacked-on-mobile is-layout-flex wp-container-core-columns-is-layout-9d6595d7 wp-block-columns-is-layout-flex\">\n<div class=\"wp-block-column is-layout-flow wp-block-column-is-layout-flow\">\n<div class=\"wp-block-columns is-not-stacked-on-mobile is-layout-flex wp-container-core-columns-is-layout-9d6595d7 wp-block-columns-is-layout-flex\">\n<div class=\"wp-block-column is-layout-flow wp-block-column-is-layout-flow\">\n<figure class=\"wp-block-image size-full\"><a href=\"https:\/\/www.sbsc.se\/foretagcertifikat\/14-6\/anlaggarfirma-brandlarm\/telecenter-i-oskarshamn-ab\/\" target=\"_blank\" rel=\" noreferrer noopener\"><img loading=\"lazy\" decoding=\"async\" width=\"756\" height=\"520\" src=\"https:\/\/www.telecenterab.se\/wp-content\/uploads\/2025\/08\/Cert-Anlaggarfirma-Brandlarm-1.jpg\" alt=\"\" class=\"wp-image-1209\" srcset=\"https:\/\/www.telecenterab.se\/wp-content\/uploads\/2025\/08\/Cert-Anlaggarfirma-Brandlarm-1.jpg 756w, https:\/\/www.telecenterab.se\/wp-content\/uploads\/2025\/08\/Cert-Anlaggarfirma-Brandlarm-1-300x206.jpg 300w\" sizes=\"auto, (max-width: 756px) 100vw, 756px\" \/><\/a><\/figure>\n<\/div>\n\n\n\n<div class=\"wp-block-column is-layout-flow wp-block-column-is-layout-flow\">\n<figure class=\"wp-block-image size-full\"><a href=\"https:\/\/www.sbsc.se\/personcertifikat\/21-555\/behorig-ingenjor-brandlarm\/jesper-jansson\/\" target=\"_blank\" rel=\" noreferrer noopener\"><img loading=\"lazy\" decoding=\"async\" width=\"756\" height=\"520\" src=\"https:\/\/www.telecenterab.se\/wp-content\/uploads\/2025\/08\/Behorig-ingejor-brand-1.jpg\" alt=\"\" class=\"wp-image-1210\" srcset=\"https:\/\/www.telecenterab.se\/wp-content\/uploads\/2025\/08\/Behorig-ingejor-brand-1.jpg 756w, https:\/\/www.telecenterab.se\/wp-content\/uploads\/2025\/08\/Behorig-ingejor-brand-1-300x206.jpg 300w\" sizes=\"auto, (max-width: 756px) 100vw, 756px\" \/><\/a><\/figure>\n<\/div>\n<\/div>\n<\/div>\n\n\n\n<div class=\"wp-block-column is-layout-flow wp-block-column-is-layout-flow\">\n<div class=\"wp-block-columns is-not-stacked-on-mobile is-layout-flex wp-container-core-columns-is-layout-9d6595d7 wp-block-columns-is-layout-flex\">\n<div class=\"wp-block-column is-layout-flow wp-block-column-is-layout-flow\">\n<figure class=\"wp-block-image size-full\"><a href=\"https:\/\/www.sbsc.se\/foretagcertifikat\/24-334\/anlaggarfirma-kamerabevakningssystem\/telecenter-i-oskarshamn-ab\/\" target=\"_blank\" rel=\" noreferrer noopener\"><img loading=\"lazy\" decoding=\"async\" width=\"756\" height=\"520\" src=\"https:\/\/www.telecenterab.se\/wp-content\/uploads\/2025\/08\/Cert-Anlaggarfirma-Kamera-2.jpg\" alt=\"\" class=\"wp-image-1211\" srcset=\"https:\/\/www.telecenterab.se\/wp-content\/uploads\/2025\/08\/Cert-Anlaggarfirma-Kamera-2.jpg 756w, https:\/\/www.telecenterab.se\/wp-content\/uploads\/2025\/08\/Cert-Anlaggarfirma-Kamera-2-300x206.jpg 300w\" sizes=\"auto, (max-width: 756px) 100vw, 756px\" \/><\/a><\/figure>\n<\/div>\n\n\n\n<div class=\"wp-block-column is-layout-flow wp-block-column-is-layout-flow\">\n<figure class=\"wp-block-image size-full\"><a href=\"https:\/\/www.sbsc.se\/personcertifikat\/24-412\/behorig-ingenjor-kamerabevakningssystem\/gustav-nilsson\/\" target=\"_blank\" rel=\" noreferrer noopener\"><img loading=\"lazy\" decoding=\"async\" width=\"756\" height=\"520\" src=\"https:\/\/www.telecenterab.se\/wp-content\/uploads\/2025\/08\/Behorig-ingejor-kamera-1.jpg\" alt=\"\" class=\"wp-image-1212\" srcset=\"https:\/\/www.telecenterab.se\/wp-content\/uploads\/2025\/08\/Behorig-ingejor-kamera-1.jpg 756w, https:\/\/www.telecenterab.se\/wp-content\/uploads\/2025\/08\/Behorig-ingejor-kamera-1-300x206.jpg 300w\" sizes=\"auto, (max-width: 756px) 100vw, 756px\" \/><\/a><\/figure>\n<\/div>\n<\/div>\n<\/div>\n<\/div>\n\n\n\n<p><\/p>\n","protected":false},"excerpt":{"rendered":"<p>Telecenter i Oskarshamn AB \u00e4r, med \u00f6ver 25 \u00e5rs erfarenhet, en drivande leverant\u00f6r inom s\u00e4kerhet och kommunikation med h\u00f6g kvalitet, god service, ett aff\u00e4rsm\u00e4ssigt och positivt bem\u00f6tande samt en f\u00f6rm\u00e5ga att utveckla flexibla l\u00f6sningar i samarbete med v\u00e5ra kunder. Vi erbjuder helhetsl\u00f6sningar inom brandlarm, inbrottslarm, kamera\u00f6vervakning samt fiber\/n\u00e4tverk. Vi \u00e4r dedikerade att hj\u00e4lpa till med <a href=\"https:\/\/www.telecenterab.se\/?page_id=509\" class=\"read-more below\">READ MORE<\/a><\/p>\n","protected":false},"author":3,"featured_media":0,"parent":0,"menu_order":0,"comment_status":"closed","ping_status":"closed","template":"","meta":{"_monsterinsights_skip_tracking":false,"_monsterinsights_sitenote_active":false,"_monsterinsights_sitenote_note":"","_monsterinsights_sitenote_category":0,"footnotes":""},"class_list":["post-509","page","type-page","status-publish","hentry"],"_links":{"self":[{"href":"https:\/\/www.telecenterab.se\/index.php?rest_route=\/wp\/v2\/pages\/509","targetHints":{"allow":["GET"]}}],"collection":[{"href":"https:\/\/www.telecenterab.se\/index.php?rest_route=\/wp\/v2\/pages"}],"about":[{"href":"https:\/\/www.telecenterab.se\/index.php?rest_route=\/wp\/v2\/types\/page"}],"author":[{"embeddable":true,"href":"https:\/\/www.telecenterab.se\/index.php?rest_route=\/wp\/v2\/users\/3"}],"replies":[{"embeddable":true,"href":"https:\/\/www.telecenterab.se\/index.php?rest_route=%2Fwp%2Fv2%2Fcomments&post=509"}],"version-history":[{"count":18,"href":"https:\/\/www.telecenterab.se\/index.php?rest_route=\/wp\/v2\/pages\/509\/revisions"}],"predecessor-version":[{"id":1258,"href":"https:\/\/www.telecenterab.se\/index.php?rest_route=\/wp\/v2\/pages\/509\/revisions\/1258"}],"wp:attachment":[{"href":"https:\/\/www.telecenterab.se\/index.php?rest_route=%2Fwp%2Fv2%2Fmedia&parent=509"}],"curies":[{"name":"wp","href":"https:\/\/api.w.org\/{rel}","templated":true}]}}